is 8e + -5?
89
In base 7, what is 2210 + 0?
2210
In base 9, what is -1230 + 3?
-1226
In base 6, what is 1211 - -1?
1212
In base 11, what is 161 + 4?
165
In base 13, what is b - -16?
24
In base 9, what is -1056 + -5?
-1062
In base 6, what is 5 + 45?
54
In base 7, what is 4 - -12314?
12321
In base 16, what is -7 + -e?
-15
In base 7, what is -44 - 11?
-55
In base 12, what is 5 - -1141?
1146
In base 7, what is -11 + -2?
-13
In base 2, what is -1000 - 110000011?
-110001011
In base 6, what is -4 + 2053?
2045
In base 10, what is 1263 - 1?
1262
In base 8, what is -25 + -12?
-37
In base 13, what is 576 + 4?
57a
In base 4, what is 100303 - 3?
100300
In base 11, what is 2663 - 4?
265a
In base 4, what is 3223 + 0?
3223
In base 5, what is 1334 + 10?
1344
In base 16, what is c - -3?
f
In base 6, what is -2 - -1351?
1345
In base 6, what is -303 - -13?
-250
In base 16, what is -f15 + 4?
-f11
In base 11, what is -3 - 2526?
-2529
In base 9, what is 87 + -8?
78
In base 8, what is 7 + 35?
44
In base 12, what is 36 - -46?
80
In base 2, what is 101 + 10000111?
10001100
In base 14, what is -4b + -1?
-4c
In base 5, what is 1240 - 2?
1233
In base 12, what is 7 + -30?
-25
In base 16, what is 5 - 32?
-2d
In base 8, what is 4 - -376?
402
In base 13, what is -5 - -9b2?
9aa
In base 14, what is 2 - 16?
-14
In base 4, what is 3 - 3130?
-3121
In base 16, what is 4b + -8?
43
In base 12, what is 1 - -25?
26
In base 16, what is 70 + 2?
72
In base 5, what is 1 + 10332?
10333
In base 15, what is -3d7 + -2?
-3d9
In base 8, what is 7275 - 0?
7275
In base 8, what is 2 - -45?
47
In base 3, what is -12 + 10010020?
10010001
In base 15, what is 4 + -a3?
-9e
In base 14, what is 34 - -5?
39
In base 7, what is -3 + 443?
440
In base 5, what is 1011 - -443?
2004
In base 13, what is -2 + 244?
242
In base 14, what is -86 + -2?
-88
In base 8, what is 241 - 152?
67
In base 13, what is -1a02 + 2?
-1a00
In base 15, what is -1b4 + 0?
-1b4
In base 10, what is -504 + -1?
-505
In base 10, what is -40 + -88?
-128
In base 15, what is 0 + -796?
-796
In base 15, what is -45 - -a?
-3a
In base 2, what is 1010 - 111110?
-110100
In base 7, what is 0 + -125?
-125
In base 4, what is 10 - -1000313?
1000323
In base 8, what is -17 + 423?
404
In base 3, what is -111000122 + 1?
-111000121
In base 5, what is 12 + 200?
212
In base 14, what is -1c - 197?
-1b5
In base 16, what is -b - -7?
-4
In base 4, what is -2 - -132?
130
In base 6, what is -5 - 110?
-115
In base 10, what is -11 + -1?
-12
In base 2, what is -101 - 110000011?
-110001000
In base 11, what is -1 + -13?
-14
In base 6, what is -25 + 33?
4
In base 14, what is 5 + -5b2?
-5ab
In base 7, what is 15 + 44?
62
In base 9, what is -258 + -4?
-263
In base 5, what is -3011 - 11?
-3022
In base 10, what is 0 + 2714?
2714
In base 16, what is 3367 + -4?
3363
In base 3, what is 11 - 2?
2
In base 8, what is 0 - 231?
-231
In base 2, what is 101000 - -100111000?
101100000
In base 11, what is -96 - 186?
-271
In base 15, what is 1cc + -4?
1c8
In base 9, what is -26 - -20?
-6
In base 16, what is -8 + 2?
-6
In base 11, what is -25a2 + -5?
-25a7
In base 15, what is -2b + d?
-1d
In base 9, what is -1137 - -7?
-1130
In base 10, what is 24532 - -5?
24537
In base 11, what is -236 - 1?
-237
In base 13, what is -4 - -b?
7
In base 2, what is -10101 + 1?
-10100
In base 14, what is c9 - 2c?
9b
In base 15, what is -5 + 2bb?
2b6
In base 3, what is 12222 - -12?
20011
In base 15, what is 13c - 40?
ec
In base 4, what is -20221 + -32?
-20313
In base 5, what is 2 + 203?
210
In base 14, what is -3 - -12?
d
In base 4, what is -21 + 1010?
323
In base 10, what is 4 + -925?
-921
In base 6, what is 2 + 10?
12
In base 13, what is 1 - -1?
2
In base 2, what is -1101000011 - -1?
-1101000010
In base 9, what is -6 + 583?
576
In base 14, what is 850 + 4?
854
In base 8, what is -1 - 37?
-40
In base 16, what is 610 + -3?
60d
In base 9, what is -50 - 454?
-514
In base 16, what is -4 - 6?
-a
In base 10, what is -488 - 5?
-493
In base 11, what is -26 - -8?
-19
In base 7, what is -305 + -10?
-315
In base 10, what is -1239 + -7?
-1246
In base 2, what is 11 - 1001100111111?
-1001100111100
In base 7, what is 32 - -13?
45
In base 8, what is 434 - -30?
464
In base 14, what is 1258 - 1?
1257
In base 3, what is 0 + -11121?
-11121
In base 9, what is -4073 + -3?
-4076
In base 11, what is -4 + -12?
-16
In base 2, what is 1011 - 10?
1001
In base 16, what is 6e8 - -4?
6ec
In base 5, what is 1043 + -20?
1023
In base 6, what is -11445 + 3?
-11442
In base 11, what is 1 - 19?
-18
In base 9, what is 0 + 2224?
2224
In base 3, what is -10 + 22021?
22011
In base 2, what is 10 - -1101111100?
1101111110
In base 10, what is -10 - 22?
-32
In base 10, what is -114 + 6?
-108
In base 7, what is -406 + -11?
-420
In base 8, what is -3 - 16?
-21
In base 13, what is 12 + -84?
-72
In base 10, what is 60 + -18?
42
In base 12, what is -4 + -6b?
-73
In base 14, what is -1 - -51?
50
In base 11, what is 59a7 - 3?
59a4
In base 16, what is ee9 - 4?
ee5
In base 14, what is -2 - -339?
337
In base 7, what is -6505 - 0?
-6505
In base 16, what is -36 + -1?
-37
In base 14, what is -3 - d9?
-dc
In base 9, what is 5 - -1654?
1660
In base 4, what is 1320 - 10?
1310
In base 8, what is 12 - -21?
33
In base 14, what is 35 + -6?
2d
In base 15, what is -30 - -80?
50
In base 13, what is -6 + -8?
-11
In base 16, what is -a + -6c?
-76
In base 11, what is -78 + -2?
-7a
In base 8, what is 4 - -52?
56
In base 3, what is -10110 - -110?
-10000
In base 5, what is -10 + 14302?
14242
In base 8, what is 1 - 72?
-71
In base 3, what is 12 - 1001202?
-1001120
In base 2, what is 111011010 + 10?
111011100
In base 12, what is 10620 + -5?
10617
In base 16, what is -29 - -2?
-27
In base 15, what is -3 + 12e6?
12e3
In base 16, what is 3 + 195?
198
In base 12, what is 4 + -b3?
-ab
In base 5, what is 143 + 103?
301
In base 11, what is 5 - -15?
1a
In base 16, what is 3 + 26e?
271
In base 9, what is 825 + 8?
834
In base 12, what is 2 + 2876?
2878
In base 5, what is 11 + -10?
1
In base 5, what is 4042 - -34?
4131
In base 9, what is 171 - -2?
173
In base 13, what is -13b + -2a?
-168
In base 6, what is -100 + -25?
-125
In base 7, what is -4 - 13?
-20
In base 12, what is 1 - -185?
186
In base 6, what is 304 - -11?
315
In base 10, what is 3 - -2316?
2319
In base 13, what is 7 - -52?
59
In base 16, what is 4 - -c6?
ca
In base 13, what is cac - -1?
cb0
In base 3, what is 200 + -221?
-21
In base 12, what is -12 + -7?
-19
In base 10, what is -167 - -11?
-156
In base 14, what is 5 + -3b?
-36
In base 10, what is -1627 - 1?
-1628
In base 13, what is -4 - -2ca?
2c6
In base 15, what is -4 - -15?
11
In base 13, what is 16 + 9?
22
In base 11, what is -5 + 195?
190
In base 12, what is 3 - 9?
-6
In base 8, what is 153 - 3?
150
In base 6, what is 2 + -11413?
-11411
In base 5, what is 10 + 230?
240
In base 4, what is -11 - 122?
-133
In base 11, what is 2 - 1488?
-1486
In base 14, what is 16 - -10d?
125
In base 9, what is -458 + -5?
-464
In base 5, what is -13 - 210?
-223
In base 16, what is -2a - -25?
-5
In base 16, what is -10 + -1e?
-2e
In base 15, what is 2598 + -1?
2597
In base 11, what is 32 - -62?
94
In base 10, what is -262 - -4?
-258
In base 14, what is 137 - 1?
136
In base 6, what is 1225 + -14?
1211
In base 13, what is -7 - 13?
-1a
In base 4, what is -330 + -100?
-1030
In base 2, what is 1001 + 1?
1010
In base 9, what is 0 - -5?
5
In base 14, what is -8 - -1da?
1d2
In base 2, what is -1111111 - 111011?
-10111010
In base 16, what is -11 + f?
-2
In base 15, what is -15 - -8?
-c
In base 15, what is 25 + 51?
76
In base 2, what is -1 - 1100010?
-1100011
In base 7, what is 63 + 210?
303
In base 12, what is -926 + 2?
-924
In base 3, what is 0 - 12?
-12
In base 16, what is -6 - -df?
d9
In base 14, what is -8 + -7b?
-85
In base 12, what is -4 - -15?
11
In base 9, what is 7 - 18?
-11
In base 13, what is c - 2?
a
In base 14, what is 0 + 2142?
2142
In base 12, what is 2 + -25?
-23
In base 4, what is -2 + -2030?
-2032
In base 6, what is 1111 + -43?
1024
In base 10, what is -3 + 14?
11
In base 11, what is -4 - 32?
-36
In base 14, what is 17 - 90?
-77
In base 16, what is a + 35a?
364
In base 3, what is -11 - -1100?
1012
In base 4, what is -22 - 11?
-33
In base 11, what is 2 + -563?
-561
In base 13, what is -86 